 the value of -11 + 3 + 2 + 6?
0
-4 - (3 - ((-10 - -5) + 12))
0
What is (1 - 5) + (-3 - (0 + -4))?
-3
Evaluate 2 + 5 - (-71 + 80).
-2
Evaluate 1 + 3 + (-2 - -1).
3
What is the value of (19 - 10) + (-5 - -1)?
5
Evaluate ((-2 - -7) + -4 - 7) + -3.
-9
Calculate 1 + -1 + (-4 - (9 - 12)).
-1
Calculate 3 - 6 - (-1 + 1).
-3
Evaluate -3 + 0 - (4 + (2 - 11)).
2
What is 0 - (2 - (-2 + 8))?
4
(10 - 16 - -6) + 5
5
What is (4 - (-4 + 13)) + 2 - -7?
4
What is the value of 1 - 0 - 5 - -2?
-2
(15 - 8) + -3 + (-9 - -1)
-4
Evaluate -4 - (-8 - (-3 + -1)).
0
What is 3 + 9 + (-2 - 5)?
5
Calculate 0 - -1 - (0 + -4).
5
Evaluate -14 - 1 - (-4 + -2 + -1).
-8
Calculate (3 - 1) + -4 + 4 + -1.
1
What is (78 - 79) + 0 + (3 - 0)?
2
What is the value of 5 - (-4 + 8 + 0)?
1
Evaluate 6 - ((20 - 7) + 1 - 3).
-5
What is (0 + 5 - 3) + 0?
2
What is 12 - (12 - (8 + -5))?
3
Evaluate (-7 + 4 - 0) + 1 + 1.
-1
Evaluate -218 + 225 + (-4 - (-1 - 0)).
4
(1 - -3) + -1 + -7 + 7
3
Calculate -3 - -8 - 2 - 2.
1
-1 + (9 - (-2 - (-9 - -2)))
3
What is the value of 1 + (1 - 2) + 17 + -22?
-5
Evaluate 0 - (0 - 1) - (3 - 5).
3
What is -2 + (-1 + 2 - -3)?
2
Evaluate 3 + -1 + (3 + -1 - -1).
5
-19 + 18 - (-10 - -3)
6
What is -16 + (17 - (0 + 9))?
-8
What is the value of -7 + (4 + 6 - -4)?
7
1 + -3 - -1 - (-5 + 4)
0
Calculate 3 + (-7 - (3 + 0)).
-7
What is 3 + 1 + (3 - (-3 + 5))?
5
3 + 3 + -6 + (1 - 0)
1
Evaluate -4 - (6 + (-4 - 7)).
1
What is 2 - 10 - -12 - (-1 + 5)?
0
Evaluate 0 - (5 - (7 - -1)).
3
Evaluate (-5 - -5) + 10 - 5.
5
What is the value of -12 + 9 - -7 - 12?
-8
-5 + 0 + -1 - (9 - 12)
-3
(-2 + -3 - -8) + -7 + -1
-5
Evaluate (5 - (-4 + 10)) + 0.
-1
Evaluate -1 + (-6 - -3 - -6 - 3).
-1
Calculate 0 - (-4 + 1 + 11 + -7).
-1
What is the value of 1 + 1 - (-4 + 11)?
-5
What is (-14 + 24 - (1 + 5)) + -5?
-1
What is (7 - (-10 + 20)) + 0 + -1?
-4
Calculate 1 + -6 + (4 - (1 - -1)).
-3
What is the value of (0 - 4) + 2 + 0 + -1?
-3
Calculate -3 + 1 + -1 + -74 + 73.
-4
(-3 + 4 + 0 - -3) + 1
5
Evaluate -5 - (6 - (5 - (-1 - -1))).
-6
What is (3 - (-10 + 6)) + 1?
8
Evaluate (-12 - -21 - 6) + -3.
0
-4 - 2 - (-4 - -1)
-3
Calculate 2 - (3 + -5) - (2 - -3).
-1
Evaluate -3 + 8 + (0 - (1 + 3)).
1
Calculate (-1 - 7) + 35 + -28.
-1
What is (4 - -4) + (-2 - 1)?
5
-2 + (-1 - (3 - 2))
-4
8 + (-2 - 1) + -2
3
What is 0 - -3 - 2 - 2?
-1
What is the value of -3 + 3 + -2 - 0?
-2
Calculate 4 + -8 + 4 + -4 + 2.
-2
2 + -4 + -1 + (-7 - -6)
-4
Evaluate (-2 - -3) + -3 + 2 - -1.
1
Evaluate -3 + -3 - (1 - 4) - -2.
-1
What is 1 + -6 + (-21 - -22)?
-4
0 - (-5 + (13 - (3 + 1)))
-4
What is the value of 34 + -36 - (-6 - 1 - -2)?
3
Calculate 4 - (2 + 2 + 3).
-3
What is the value of 2 + (0 - -2) + -6?
-2
What is the value of 0 + (10 - (-6 + 14))?
2
-2 + (0 - -2 - 4)
-4
3 + -1 + 3 + -1 + -3
1
Evaluate 3 + (22 - (-13 - -27)).
11
Calculate 8 + -8 + 7 + 0 - 1.
6
What is the value of (-3 - 2) + (-3 - -5) + -1?
-4
What is the value of 1 + (-5 - -1 - (-3 - -4))?
-4
What is -4 + (6 - 4) + 1?
-1
-6 + 1 - (-25 + 26)
-6
Calculate (-3 - (0 + -2)) + -3.
-4
What is the value of -1 + (-4 - ((-2 - -6) + -4))?
-5
What is (15 - 5) + -10 + -6?
-6
What is 2 + 1 + (14 + -28 - -19)?
8
-6 - (-27 + 13) - (5 - 0)
3
-5 - -10 - (6 + -5) - 5
-1
Evaluate -6 + (-2 - -6) + 1.
-1
What is the value of 5 - (-4 - (0 + (-2 - 1)))?
6
What is the value of -11 + (2 - -1) + 0 + 7?
-1
What is 3 - -5 - 13 - (0 + -7)?
2
What is the value of 1 - -8 - 2 - 4?
3
8 + (6 - 12) - 6
-4
Evaluate 1 + 1 + 3 + (-8 - -6).
3
Calculate -7 - (-8 + (8 - 1)).
-6
Calculate 0 + 7 - (0 + 7).
0
Evaluate -2 + (6 + -5 - 4) + 6.
1
Calculate -1 - (-9 - (-4 - -1) - 2).
7
0 + (11 - 5) + 1
7
Evaluate (6 + 2 - 5) + 1 + -1.
3
8 + (-1 - 10) + 1
-2
What is the value of -3 - ((0 - 0) + (7 - 9))?
-1
Calculate -159 + 181 + 1 + -16.
7
Evaluate (6 - (-10 - -8 - -2)) + 0.
6
-2 + 1 + (8 - 2)
5
Evaluate -1 - (-1 + 5 + -8 - 0).
3
-5 - (-2 - (-11 + 6))
-8
49 - 35 - (4 - -2) - 3
5
(1 - (2 + -1)) + 2 + -4
-2
Calculate -4 - (-2 + 0 + 0) - 1.
-3
What is -16 + 14 - (6 - 2)?
-6
What is 11 + 3 + -9 - (6 - 3)?
2
Evaluate 5 + (3 - (6 + -3)).
5
What is -7 + 3 - (-3 + -5) - 1?
3
Calculate -10 - 2 - -3 - -18.
9
What is the value of (3 - (1 - (1 - -3))) + -2?
4
11 + -12 + (-4 - (-2 - 0))
-3
What is the value of 5 - (4 - (3 + -3))?
1
Evaluate -3 - 1 - -7 - 4.
-1
Evaluate (5 - (-1 - -6)) + -3.
-3
5 + (-8 - 4 - -5)
-2
Evaluate 3 + 3 + -15 + 7.
-2
Calculate -2 - (-4 - -2) - 4.
-4
Calculate (7 - 9) + (0 - -6).
4
What is the value of 173 + -161 + 0 + -10?
2
What is the value of 5 + -3 + (3 - 7)?
-2
Calculate 6 + (0 - 2 - (2 + -1)).
3
What is -7 + (2 - (4 + -4))?
-5
What is 8 + -6 + (-8 - (-3 - -2))?
-5
Calculate -1 + (1 - (-6 + 5)).
1
What is -8 - -10 - (-1 + 5)?
-2
Calculate 5 + (0 - (-10 + 5) - 3).
7
What is the value of -15 + 7 + -2 + 2 + -2?
-10
What is 9 + -1 + 1 + -6?
3
What is -3 - (-9 + -6 + 1)?
11
Calculate (2 - ((2 - 6) + 6)) + -3.
-3
Calculate -11 + -1 - (59 + -65) - 3.
-9
What is (-2 - (0 - 3)) + -7 + 1?
-5
4 - 3 - (3 + 0) - 2
-4
What is -1 + 16 + (86 - 96)?
5
What is the value of 8 + (-2 + -2 - 1)?
3
Calculate (-1 - -12) + (197 - 204).
4
What is the value of -11 - (-20 + -1) - 16?
-6
1 + (1 - 0) - (29 + -32)
5
Calculate -14 + 4 - ((3 - 2) + -8).
-3
0 + 13 + -3 + -3 + -4
3
2 + 4 - (-4 - (-6 - 5))
-1
What is (-5 - (0 - 2)) + 3?
0
Evaluate 6 - 3 - (-3 + -1 + 8).
-1
Calculate -5 + 2 + (11 - (-11 + 24)).
-5
6 - (0 + (-8 - -8))
6
Calculate (-1 - 1) + (1 - 4) + 3.
-2
What is the value of -1 + 1 - 3 - (-107 + 104)?
0
What is the value of 4 + -2 + (2 - 5) + 2?
1
Calculate 0 + 0 + -1 + 4 + -8.
-5
(-1 - 8) + 2 - -8
1
Calculate 1 - ((-2 - 0) + 2).
1
Evaluate -6 - (-1 + -2 + -3).
0
6 + -1 - (19 + -12 - 3)
1
Calculate -9 - (-7 - (-5 + 5)).
-2
-12 - (-2 + 1) - -22
11
What is (-3 - -6 - 2) + -1 + 2?
2
What is the value of (3 - -2) + (-16 - (-13 - -10))?
-8
What is -7 + (-10 - -7 - -5)?
-5
What is 0 - -8 - (-61 - -66)?
3
What is the value of (-4 - 6 - -15) + -1 + -5?
-1
What is 1 + 0 + (4 - 2 - 10)?
-7
What is the value of -9 + 8 + (-2 - -4) + 4?
5
What is the value of -29 + 38 + -2 + 0?
7
3 - (21 + -8 + -4)
-6
What is the value of (-10 - -5 - (-6 + 0)) + 0?
1
Calculate (-20 + 31 - (-1 + 5)) + -4.
3
Calculate -2 + 1 + (-6 - -8).
1
What is (17 - 13) + (-1 - 5)?
-2
What is 8 + -12 + -7 + 7?
-4
-5 + -2 - (-6 + 3) - -5
1
-3 + 17 - (2 - (-2 + -3))
7
What is the value of -5 + -1 + (7 - (-8 - -10))?
-1
Evaluate (5 - 1) + (15 - 14) + 0.
5
What is the value of 1 - -2 - (4 + -10 + 8)?
1
What is the value of 27 + -30 - (-1 - (0 - -5))?
3
(-7 - -1 - (14 + -18)) + -3
-5
What is the value of (3 - (8 - -2)) + -1 + 5?
-3
What is the value of 1 + -8 + 2 - (-27 + 21)?
1
Calculate 10 + -7 + -3 + -2.
-2
Calculate -2 + 3 - 3 - (-1 + 0).
-1
5 + 2 + -6 - -4
5
Calculate (5 - 2) + -5 - -7.
5
Calculate -24 + 18 - (0 + -2 + 1).
-5
What is 5 + -2 + (16 - 20)?
-1
What is 0 + 3 + -7 + -8 + 11?
-1
Evaluate (-4 - 3) + (5 + 10 - 0).
8
Calculate 8 + -9 + -1 + 5 + 0.
3
Calculate -4 + (-3 - (0 - 4)).
-3
Evaluate -1 + 6 + 0 - (-25 - -25).
5
Evaluate 2 + (7 + -3 - 10).
-4
What is the value of -2 + (1 - (-5 - 1))?
5
What is the value of -1 + 2 - -5 - (20 - 18)?
4
Evaluate 9 - 11 - (1 + -4).
1
Evaluate 4 + (-5 - -2) - (-2 - 0).
3
0 + (5 - (4 + -3 - -2))
2
Evaluate 1 - (2 - (4 - 2)).
1
What is (6 + -10 - -1) + 0 - -3?
0
Evaluate (1 - 1) + -11 - -3.
-8
Evaluate -12 + (-8 - -6 - -8).
-6
What is -1 - (-5 + 3) - -2 - 5?
-2
What is 1 + (3 - (0 + 2 + -2))?
4
Calculate -2 + (2 - (3 + -1)).
-2
11 + -5 + (-1 - 1)
4
What is 8 + (-16 - -9) - 7?
-6
Calculate 11 + (-8 - -4 - -8) + -8.
7
What is 6 + -17 + -13 + 22?
-2
0 + 0 + -6 + (-2 - -6)
-2
Evaluate 19 - 20 - (-1 - -8).
-8
Calculate (-1 - -4) + -2 + -4.
-3
-35 - -26 - (-5 - -1)
-5
-2 + 3 + 8 - 8
1
What is the value of -4 - (-2 + 6) - 0 - -5?
-3
What is the value of -4 - (-6 + 3 - -4)?
-5
Calculate (8 - 3) + -1 + -5 + 6.
5
What is 52 + -51 - (-9 + (3 - 1))?
8
Evaluate (-2 - (-1 - 3)) + 0 + 0.
2
-5 + 0 + 0 + 2
-3
What is the value of -4 - (-9 + -5 + (1 - -7))?
2
Calculate -7 - -11 - (0 - -9).
-5
Evaluate (149 - 142) + (-1 - (14 + -2)).
-6
Evaluate -4 + 0 - (-6 - (0 - 8)).
-6
(-7 - -2) + -1 + (7 - 2)
-1
What is 0 - 1 - ((6 - -5) + -7)?
-5
Evaluate 1 + 3 + 1 + -11 - -10.
4
Evaluate -6 + 20 + -13 + (-10 - 0).
-9
What is the value of 4 + (7 - 10 -